st the prime factors of 90242227.
90242227
List the prime factors of 297674217.
3, 73, 151027
List the prime factors of 2694631894.
2, 43, 2003, 15643
What are the prime factors of 5648068297?
4289, 1316873
What are the prime factors of 2094628238?
2, 37, 1493, 18959
List the prime factors of 296843651.
13, 22834127
List the prime factors of 30542500.
2, 5, 19, 643
What are the prime factors of 965440352?
2, 811, 37201
What are the prime factors of 15718720?
2, 5, 49121
List the prime factors of 18900532.
2, 7, 17, 59, 673
What are the prime factors of 296465092?
2, 7, 11, 137507
List the prime factors of 2913822263.
11, 264892933
What are the prime factors of 46074209?
46074209
What are the prime factors of 15508636?
2, 11, 13, 19, 1427
What are the prime factors of 6662902?
2, 3331451
List the prime factors of 135509751.
3, 13, 1158203
List the prime factors of 35151832.
2, 4393979
What are the prime factors of 4291161404?
2, 9013, 119027
List the prime factors of 54629262.
2, 3, 17, 59509
What are the prime factors of 349851233?
349851233
What are the prime factors of 1049725661?
19, 2503, 22073
List the prime factors of 1210882011.
3, 769, 524873
List the prime factors of 156941225.
5, 7, 47, 19081
What are the prime factors of 134400940?
2, 5, 6720047
List the prime factors of 412674198.
2, 3, 661, 104053
List the prime factors of 179305579.
17, 29, 443, 821
What are the prime factors of 1040608798?
2, 29, 1499, 11969
What are the prime factors of 42818633?
11, 13, 163, 167
List the prime factors of 5743225991.
17, 10709, 31547
What are the prime factors of 585142140?
2, 3, 5, 11, 157, 5647
List the prime factors of 43828670.
2, 5, 131, 33457
List the prime factors of 193554822.
2, 3, 173, 186469
What are the prime factors of 8257814854?
2, 61, 67687007
List the prime factors of 394042545.
3, 5, 13, 53, 71, 179
List the prime factors of 25441088.
2, 397517
List the prime factors of 419348604.
2, 3, 23, 439, 3461
What are the prime factors of 50919990?
2, 3, 5, 11, 154303
What are the prime factors of 21839533?
101, 216233
List the prime factors of 84838516.
2, 7, 3029947
List the prime factors of 312649079.
89, 3512911
List the prime factors of 1940208330.
2, 3, 5, 1381, 46831
What are the prime factors of 10093391?
7, 11, 47, 2789
What are the prime factors of 33104033?
33104033
What are the prime factors of 1266999533?
1266999533
List the prime factors of 15552328.
2, 11, 31, 5701
What are the prime factors of 5471344444?
2, 1367836111
List the prime factors of 912180270.
2, 3, 5, 31, 181, 5419
List the prime factors of 4913117.
11, 446647
List the prime factors of 150437150.
2, 5, 3008743
What are the prime factors of 6728807688?
2, 3, 23, 12189869
What are the prime factors of 206283251?
23, 37, 223, 1087
List the prime factors of 735493027.
43, 103, 166063
List the prime factors of 1307986223.
37, 41, 862219
What are the prime factors of 155405719?
7, 79, 281023
What are the prime factors of 12143524?
2, 1129, 2689
What are the prime factors of 69808674?
2, 3, 13, 887, 1009
What are the prime factors of 2896887084?
2, 3, 7, 13, 2652827
What are the prime factors of 1323937?
29, 71, 643
List the prime factors of 114867052.
2, 28716763
List the prime factors of 1756359617.
2069, 848893
What are the prime factors of 704919682?
2, 73, 4828217
List the prime factors of 211881494.
2, 11, 9630977
List the prime factors of 43307852.
2, 7, 1546709
List the prime factors of 184266673.
73, 2524201
List the prime factors of 449189458.
2, 224594729
What are the prime factors of 302194143?
3, 33577127
List the prime factors of 560113550.
2, 5, 59, 181, 1049
List the prime factors of 3618274427.
659, 5490553
List the prime factors of 47981160.
2, 3, 5, 59, 251
What are the prime factors of 430245900?
2, 3, 5, 7, 31, 2203
List the prime factors of 120237635.
5, 7, 3435361
List the prime factors of 142524757.
19, 157, 47779
List the prime factors of 573090631.
573090631
List the prime factors of 1996913264.
2, 223, 559673
What are the prime factors of 4726650642?
2, 3, 7, 41, 191, 2053
What are the prime factors of 33079732?
2, 7, 821, 1439
What are the prime factors of 1240291559?
13, 17, 5612179
What are the prime factors of 2540860273?
7, 17, 21351767
What are the prime factors of 1791330193?
6301, 284293
List the prime factors of 235447378.
2, 137, 859297
List the prime factors of 197292021.
3, 17, 881, 4391
What are the prime factors of 431452278?
2, 3, 7989857
List the prime factors of 5507718.
2, 3, 23, 107, 373
What are the prime factors of 2495400539?
17, 1033, 142099
List the prime factors of 75044687.
1783, 42089
List the prime factors of 231937359.
3, 23, 113, 151, 197
List the prime factors of 375566465.
5, 17, 37, 119417
What are the prime factors of 2442812804?
2, 281, 1427, 1523
What are the prime factors of 41988440?
2, 5, 13, 80747
What are the prime factors of 228382085?
5, 45676417
What are the prime factors of 86664761?
523, 165707
List the prime factors of 631002932.
2, 7, 22535819
List the prime factors of 1295925730.
2, 5, 11, 971, 1103
What are the prime factors of 196629077?
29, 73, 293, 317
What are the prime factors of 4551441387?
3, 67, 109, 207743
List the prime factors of 642169059.
3, 7, 89153
What are the prime factors of 4100272905?
3, 5, 23, 853, 13933
List the prime factors of 149617534.
2, 11, 2531, 2687
List the prime factors of 304816616.
2, 13, 307, 9547
What are the prime factors of 165042456?
2, 3, 6876769
List the prime factors of 68482201.
23, 53, 56179
List the prime factors of 18606580.
2, 5, 113, 8233
List the prime factors of 271854654.
2, 3, 59, 767951
What are the prime factors of 622077086?
2, 29, 149, 71983
List the prime factors of 101359765.
5, 13, 79, 19739
List the prime factors of 44097470.
2, 5, 4409747
List the prime factors of 1150915649.
13, 47, 1883659
List the prime factors of 4597677945.
3, 5, 7, 47, 79, 3931
List the prime factors of 1754044957.
7, 389, 644159
List the prime factors of 2704405249.
7, 13, 31, 958669
List the prime factors of 3568782882.
2, 3, 7, 19, 4472159
What are the prime factors of 390797106?
2, 3, 7, 523, 17791
List the prime factors of 2426967517.
13, 4153, 44953
What are the prime factors of 507544769?
509, 997141
What are the prime factors of 1852245814?
2, 926122907
List the prime factors of 24719349.
3, 8239783
List the prime factors of 1690036519.
17341, 97459
What are the prime factors of 190573323?
3, 63524441
List the prime factors of 89915757.
3, 29971919
List the prime factors of 82654267.
127, 650821
List the prime factors of 4313910788.
2, 11, 59, 101, 16453
List the prime factors of 37352001.
3, 12450667
List the prime factors of 33505031.
7, 47, 101839
What are the prime factors of 81998860?
2, 5, 4099943
List the prime factors of 43987394.
2, 11, 19, 47, 2239
List the prime factors of 302624667.
3, 17, 24419
List the prime factors of 1847131729.
1847131729
What are the prime factors of 34670274?
2, 3, 1741, 3319
List the prime factors of 274787473.
17, 16163969
What are the prime factors of 11720106?
2, 3, 17, 751
What are the prime factors of 7322154901?
97, 127, 594379
List the prime factors of 351384936.
2, 3, 7, 19, 110083
What are the prime factors of 272511556?
2, 68127889
What are the prime factors of 33083644?
2, 11, 751901
List the prime factors of 420107565.
3, 5, 2857, 9803
What are the prime factors of 512837562?
2, 3, 85472927
What are the prime factors of 609787295?
5, 13, 103, 91081
List the prime factors of 6062351.
499, 12149
What are the prime factors of 656037298?
2, 7, 1949, 24043
List the prime factors of 1318791048.
2, 3, 17, 47, 97, 709
What are the prime factors of 5226884643?
3, 13367, 130343
List the prime factors of 14175501.
3, 17, 19, 14629
What are the prime factors of 4246291?
7, 19, 4561
What are the prime factors of 75097517?
11, 17, 23623
List the prime factors of 4780085886.
2, 3, 383, 77041
What are the prime factors of 984178817?
239, 4117903
What are the prime factors of 27354843?
3, 23, 103, 1283
What are the prime factors of 208476491?
17, 12263323
What are the prime factors of 1007001379?
1663, 605533
List the prime factors of 1459754540.
2, 5, 43, 1697389
What are the prime factors of 8015573?
257, 3118